{"id":8154,"date":"2021-06-16T11:21:19","date_gmt":"2021-06-16T14:21:19","guid":{"rendered":"http:\/\/www.nutreco.com.ar\/site\/?page_id=8154"},"modified":"2024-10-28T09:53:13","modified_gmt":"2024-10-28T12:53:13","slug":"preguntas-frecuentes","status":"publish","type":"page","link":"https:\/\/nutreco.com.ar\/site\/preguntas-frecuentes\/","title":{"rendered":"Preguntas Frecuentes"},"content":{"rendered":"<section class=\"l-section wpb_row height_custom with_img\"><div class=\"l-section-img\" role=\"img\" data-img-width=\"1920\" data-img-height=\"500\" style=\"background-image: url(https:\/\/nutreco.com.ar\/site\/wp-content\/uploads\/2021\/06\/preguntas-frecuentes1.jpg);\"><\/div><div class=\"l-section-h i-cf\"><div class=\"g-cols vc_row via_flex valign_top type_default stacking_default\"><div class=\"vc_col-sm-12 wpb_column vc_column_container\"><div class=\"vc_column-inner\"><div class=\"wpb_wrapper\"><div class=\"wpb_text_column us_custom_22fa3828 has_text_color\"><div class=\"wpb_wrapper\"><h2 style=\"text-align: center;\">Preguntas Frecuentes<\/h2>\n<\/div><\/div><\/div><\/div><\/div><\/div><\/div><\/section><section class=\"l-section wpb_row height_auto\"><div class=\"l-section-h i-cf\"><div class=\"g-cols vc_row via_flex valign_top type_default stacking_default\"><div class=\"vc_col-sm-12 wpb_column vc_column_container\"><div class=\"vc_column-inner\"><div class=\"wpb_wrapper\"><div class=\"w-separator size_medium\"><\/div><h4 class=\"w-text\"><span class=\"w-text-h\"><span class=\"w-text-value\">Inocuidad Alimentaria<\/span><\/span><\/h4><div class=\"w-separator size_small\"><\/div><\/div><\/div><\/div><\/div><\/div><\/section><section class=\"l-section wpb_row height_auto\"><div class=\"l-section-h i-cf\"><div class=\"g-cols vc_row via_flex valign_top type_default stacking_default\"><div class=\"vc_col-sm-12 wpb_column vc_column_container\"><div class=\"vc_column-inner\"><div class=\"wpb_wrapper\"><div class=\"w-tabs layout_ver navwidth_auto navpos_left style_default switch_click has_scrolling\" style=\"--sections-title-size:1em\"><div class=\"w-tabs-list items_4 align_none\"><div class=\"w-tabs-list-h\"><button class=\"w-tabs-item active defined-active\" aria-controls=\"content-qcba\" aria-expanded=\"true\"><span class=\"w-tabs-item-title\">\u00bfQu\u00e9 es la inocuidad de los alimentos?<\/span><\/button><button class=\"w-tabs-item\" aria-controls=\"content-vd80\" aria-expanded=\"false\"><span class=\"w-tabs-item-title\">\u00bfA qui\u00e9nes afecta m\u00e1s las enfermedades transmitidas por alimentos?<\/span><\/button><button class=\"w-tabs-item\" aria-controls=\"content-xe26\" aria-expanded=\"false\"><span class=\"w-tabs-item-title\">\u00bfDe quienes es la responsabilidad de generar alimentos inocuos?<\/span><\/button><button class=\"w-tabs-item\" aria-controls=\"content-jec1\" aria-expanded=\"false\"><span class=\"w-tabs-item-title\">El consumidor, \u00bfdebe conocer lo que implica la inocuidad de los alimentos que consume?<\/span><\/button><\/div><\/div><div class=\"w-tabs-sections titles-align_none icon_chevron cpos_right\"><div class=\"w-tabs-section active\" id=\"qcba\"><button class=\"w-tabs-section-header active\" aria-controls=\"content-qcba\" aria-expanded=\"true\"><div class=\"w-tabs-section-title\">\u00bfQu\u00e9 es la inocuidad de los alimentos?<\/div><div class=\"w-tabs-section-control\"><\/div><\/button><div  class=\"w-tabs-section-content\" id=\"content-qcba\"><div class=\"w-tabs-section-content-h i-cf\"><div class=\"wpb_text_column\"><div class=\"wpb_wrapper\"><p>Es la seguridad que el alimento no causar\u00e1 un efecto adverso en la salud para el consumidor cuando se prepara y\/o se consume de acuerdo con su uso previsto. (Fuente: <strong>ISO 22000:2018<\/strong>)<\/p>\n<\/div><\/div><\/div><\/div><\/div><div class=\"w-tabs-section\" id=\"vd80\"><button class=\"w-tabs-section-header\" aria-controls=\"content-vd80\" aria-expanded=\"false\"><div class=\"w-tabs-section-title\">\u00bfA qui\u00e9nes afecta m\u00e1s las enfermedades transmitidas por alimentos?<\/div><div class=\"w-tabs-section-control\"><\/div><\/button><div  class=\"w-tabs-section-content\" id=\"content-vd80\"><div class=\"w-tabs-section-content-h i-cf\"><div class=\"wpb_text_column\"><div class=\"wpb_wrapper\"><p>La infecci\u00f3n causada por los alimentos contaminados tiene una incidencia mucho mayor en los segmentos de la poblaci\u00f3n con un estado de salud malo o fr\u00e1gil y puede provocar enfermedades graves y la muerte.<\/p>\n<p>En el caso de los lactantes, las mujeres embarazadas, los enfermos y los ancianos, las consecuencias de las enfermedades transmitidas por los alimentos son generalmente m\u00e1s graves y pueden llegar a ser letales.<\/p>\n<p>(Fuente: <em><strong>Organizaci\u00f3n Mundial de la Salud &#8211; OMS<\/strong><\/em>)<\/p>\n<\/div><\/div><\/div><\/div><\/div><div class=\"w-tabs-section\" id=\"xe26\"><button class=\"w-tabs-section-header\" aria-controls=\"content-xe26\" aria-expanded=\"false\"><div class=\"w-tabs-section-title\">\u00bfDe quienes es la responsabilidad de generar alimentos inocuos?<\/div><div class=\"w-tabs-section-control\"><\/div><\/button><div  class=\"w-tabs-section-content\" id=\"content-xe26\"><div class=\"w-tabs-section-content-h i-cf\"><div class=\"wpb_text_column\"><div class=\"wpb_wrapper\"><p>La inocuidad de los alimentos es una responsabilidad compartida entre los gobiernos, la industria, los productores, los acad\u00e9micos y los consumidores. Todos cumplen una funci\u00f3n importante.<\/p>\n<p>Lograr la inocuidad de los alimentos es una labor multisectorial que requiere los conocimientos t\u00e9cnicos y una amplia gama de disciplinas, como la toxicolog\u00eda, la microbiolog\u00eda, la parasitolog\u00eda, la nutrici\u00f3n, la econom\u00eda de la salud y la medicina humana y veterinaria.<\/p>\n<p>(Fuente: <em><strong>Organizaci\u00f3n Mundial de la Salud &#8211; OMS<\/strong><\/em>)<\/p>\n<\/div><\/div><\/div><\/div><\/div><div class=\"w-tabs-section\" id=\"jec1\"><button class=\"w-tabs-section-header\" aria-controls=\"content-jec1\" aria-expanded=\"false\"><div class=\"w-tabs-section-title\">El consumidor, \u00bfdebe conocer lo que implica la inocuidad de los alimentos que consume?<\/div><div class=\"w-tabs-section-control\"><\/div><\/button><div  class=\"w-tabs-section-content\" id=\"content-jec1\"><div class=\"w-tabs-section-content-h i-cf\"><div class=\"wpb_text_column\"><div class=\"wpb_wrapper\"><p>Las personas deben poder tomar decisiones informadas y sensatas sobre los alimentos que consumen y adoptar los comportamientos adecuados.<\/p>\n<p>Deben conocer los peligros alimentarios m\u00e1s comunes y saber c\u00f3mo manipular los alimentos de forma segura mediante la informaci\u00f3n contenida en las etiquetas de los alimentos.<\/p>\n<p>(Fuente: <em><strong>Organizaci\u00f3n Mundial de la Salud &#8211; OMS<\/strong><\/em>)<\/p>\n<\/div><\/div><\/div><\/div><\/div><\/div><\/div><\/div><\/div><\/div><\/div><\/div><\/section><section class=\"l-section wpb_row height_auto\"><div class=\"l-section-h i-cf\"><div class=\"g-cols vc_row via_flex valign_top type_default stacking_default\"><div class=\"vc_col-sm-12 wpb_column vc_column_container\"><div class=\"vc_column-inner\"><div class=\"wpb_wrapper\"><div class=\"w-separator size_medium\"><\/div><h4 class=\"w-text\"><span class=\"w-text-h\"><span class=\"w-text-value\">Sobre Nuestro Productos<\/span><\/span><\/h4><div class=\"w-separator size_small\"><\/div><\/div><\/div><\/div><\/div><\/div><\/section><section class=\"l-section wpb_row height_auto\"><div class=\"l-section-h i-cf\"><div class=\"g-cols vc_row via_flex valign_top type_default stacking_default\"><div class=\"vc_col-sm-12 wpb_column vc_column_container\"><div class=\"vc_column-inner\"><div class=\"wpb_wrapper\"><div class=\"w-tabs layout_ver navwidth_auto navpos_left style_default switch_click has_scrolling\" style=\"--sections-title-size:1em\"><div class=\"w-tabs-list items_6 align_none\"><div class=\"w-tabs-list-h\"><button class=\"w-tabs-item active defined-active\" aria-controls=\"content-1594734754736-b5c7aef7-b95b\" aria-expanded=\"true\"><span class=\"w-tabs-item-title\">\u00bfEl agua Sierra de los Padres es mineral o mineralizada?<\/span><\/button><button class=\"w-tabs-item\" aria-controls=\"content-1594734754753-00a6a8d4-25f7\" aria-expanded=\"false\"><span class=\"w-tabs-item-title\">\u00bfEl agua Sierra de los Padres es de manantial?<\/span><\/button><button class=\"w-tabs-item\" aria-controls=\"content-1594735185025-3ca632ef-3cd7\" aria-expanded=\"false\"><span class=\"w-tabs-item-title\">\u00bfLos productos son sin gluten?<\/span><\/button><button class=\"w-tabs-item\" aria-controls=\"content-1594735231616-26f5c543-ee55\" aria-expanded=\"false\"><span class=\"w-tabs-item-title\">\u00bfCu\u00e1l es la composici\u00f3n qu\u00edmica del agua?<\/span><\/button><button class=\"w-tabs-item\" aria-controls=\"content-1594735231616-26f5c543-ee55\" aria-expanded=\"false\"><span class=\"w-tabs-item-title\">\u00bfSoda sif\u00f3n es con agua mineral?<\/span><\/button><button class=\"w-tabs-item\" aria-controls=\"content-1594735231616-26f5c543-ee55\" aria-expanded=\"false\"><span class=\"w-tabs-item-title\">\u00bfC\u00f3mo debo conservar los productos cerrados?<\/span><\/button><\/div><\/div><div class=\"w-tabs-sections titles-align_none icon_chevron cpos_right\"><div class=\"w-tabs-section active\" id=\"1594734754736-b5c7aef7-b95b\"><button class=\"w-tabs-section-header active\" aria-controls=\"content-1594734754736-b5c7aef7-b95b\" aria-expanded=\"true\"><div class=\"w-tabs-section-title\">\u00bfEl agua Sierra de los Padres es mineral o mineralizada?<\/div><div class=\"w-tabs-section-control\"><\/div><\/button><div  class=\"w-tabs-section-content\" id=\"content-1594734754736-b5c7aef7-b95b\"><div class=\"w-tabs-section-content-h i-cf\"><div class=\"wpb_text_column\"><div class=\"wpb_wrapper\"><p>El <strong>agua sierra de los padres<\/strong> es<em> agua mineral natural<\/em> proveniente del acu\u00edfero paranaense, que ha estado naturalmente filtrando agua a m\u00e1s de 200mts de profundidad. A diferencia de agua mineralizada, no se realiza el agregado de minerales.<\/p>\n<\/div><\/div><\/div><\/div><\/div><div class=\"w-tabs-section\" id=\"1594734754753-00a6a8d4-25f7\"><button class=\"w-tabs-section-header\" aria-controls=\"content-1594734754753-00a6a8d4-25f7\" aria-expanded=\"false\"><div class=\"w-tabs-section-title\">\u00bfEl agua Sierra de los Padres es de manantial?<\/div><div class=\"w-tabs-section-control\"><\/div><\/button><div  class=\"w-tabs-section-content\" id=\"content-1594734754753-00a6a8d4-25f7\"><div class=\"w-tabs-section-content-h i-cf\"><div class=\"wpb_text_column\"><div class=\"wpb_wrapper\"><p>El <strong>agua Sierra de los Padres<\/strong> proviene de napas subterr\u00e1neas del predio donde est\u00e1 emplazada nuestra planta de envasado, ubicada en <em><strong>Sierra de los Padres<\/strong><\/em>, <em>Partido de General Pueyrred\u00f3n<\/em>.<\/p>\n<\/div><\/div><\/div><\/div><\/div><div class=\"w-tabs-section\" id=\"1594735185025-3ca632ef-3cd7\"><button class=\"w-tabs-section-header\" aria-controls=\"content-1594735185025-3ca632ef-3cd7\" aria-expanded=\"false\"><div class=\"w-tabs-section-title\">\u00bfLos productos son sin gluten?<\/div><div class=\"w-tabs-section-control\"><\/div><\/button><div  class=\"w-tabs-section-content\" id=\"content-1594735185025-3ca632ef-3cd7\"><div class=\"w-tabs-section-content-h i-cf\"><div class=\"wpb_text_column\"><div class=\"wpb_wrapper\"><p>Todos nuestros productos son<strong> libre de gluten<\/strong> y se encuentran dentro del listado de alimentos libres de gluten del <em><strong>Anmat<\/strong><\/em> y <em><strong>Asociaci\u00f3n Cel\u00edaca Argentina<\/strong><\/em>.<\/p>\n<\/div><\/div><\/div><\/div><\/div><div class=\"w-tabs-section\" id=\"1594735231616-26f5c543-ee55\"><button class=\"w-tabs-section-header\" aria-controls=\"content-1594735231616-26f5c543-ee55\" aria-expanded=\"false\"><div class=\"w-tabs-section-title\">\u00bfCu\u00e1l es la composici\u00f3n qu\u00edmica del agua?<\/div><div class=\"w-tabs-section-control\"><\/div><\/button><div  class=\"w-tabs-section-content\" id=\"content-1594735231616-26f5c543-ee55\"><div class=\"w-tabs-section-content-h i-cf\"><div class=\"wpb_text_column\"><div class=\"wpb_wrapper\"><p>El <strong>agua mineral natural Sierra de los Padres<\/strong> conserva todos los minerales de origen y su composici\u00f3n fisicoqu\u00edmica, declara en el r\u00f3tulo es la siguiente:<\/p>\n<ul>\n<li>Calcio: 41mg\/l<\/li>\n<li>Magnesio: 15mg\/l<\/li>\n<li>Potasio: 8mg\/l<\/li>\n<li>Sodio:187mg\/l<\/li>\n<li>Fl\u00faor: 0.4mg\/l<\/li>\n<\/ul>\n<\/div><\/div><\/div><\/div><\/div><div class=\"w-tabs-section\" id=\"1594735231616-26f5c543-ee55\"><button class=\"w-tabs-section-header\" aria-controls=\"content-1594735231616-26f5c543-ee55\" aria-expanded=\"false\"><div class=\"w-tabs-section-title\">\u00bfSoda sif\u00f3n es con agua mineral?<\/div><div class=\"w-tabs-section-control\"><\/div><\/button><div  class=\"w-tabs-section-content\" id=\"content-1594735231616-26f5c543-ee55\"><div class=\"w-tabs-section-content-h i-cf\"><div class=\"wpb_text_column\"><div class=\"wpb_wrapper\"><p>Nuestra <strong>soda sif\u00f3n Sierra de los Padres<\/strong>, se elabora con <em><strong>agua mineral natural Sierra de los Padres<\/strong><\/em>.<\/p>\n<\/div><\/div><\/div><\/div><\/div><div class=\"w-tabs-section\" id=\"1594735231616-26f5c543-ee55\"><button class=\"w-tabs-section-header\" aria-controls=\"content-1594735231616-26f5c543-ee55\" aria-expanded=\"false\"><div class=\"w-tabs-section-title\">\u00bfC\u00f3mo debo conservar los productos cerrados?<\/div><div class=\"w-tabs-section-control\"><\/div><\/button><div  class=\"w-tabs-section-content\" id=\"content-1594735231616-26f5c543-ee55\"><div class=\"w-tabs-section-content-h i-cf\"><div class=\"wpb_text_column\"><div class=\"wpb_wrapper\"><p>Se deben conservar como lo indica en la etiqueta, <em><strong>en un lugar fresco sin exponer ni al sol ni al calor<\/strong><\/em>.<\/p>\n<p>En el caso de los productos saborizados al tener exposici\u00f3n al calor se puede ver alterado el sabor y\/o color de la bebida y en bebidas carbonatadas puede generar un aumento en su presi\u00f3n interna en el producto, lo cual puede afectar la integridad del envase.<\/p>\n<\/div><\/div><\/div><\/div><\/div><\/div><\/div><div class=\"w-separator size_small\"><\/div><\/div><\/div><\/div><\/div><\/div><\/section>\n","protected":false},"excerpt":{"rendered":"Preguntas Frecuentes Inocuidad Alimentaria\u00bfQu\u00e9 es la inocuidad de los alimentos?\u00bfA qui\u00e9nes afecta m\u00e1s las enfermedades transmitidas por alimentos?\u00bfDe quienes es la responsabilidad de generar alimentos inocuos?El consumidor, \u00bfdebe conocer lo que implica la inocuidad de los alimentos que consume?\u00bfQu\u00e9 es la inocuidad de los alimentos?Es la seguridad que el alimento no causar\u00e1 un efecto adverso...","protected":false},"author":2,"featured_media":0,"parent":0,"menu_order":0,"comment_status":"closed","ping_status":"closed","template":"","meta":{"footnotes":""},"class_list":["post-8154","page","type-page","status-publish","hentry"],"_links":{"self":[{"href":"https:\/\/nutreco.com.ar\/site\/wp-json\/wp\/v2\/pages\/8154","targetHints":{"allow":["GET"]}}],"collection":[{"href":"https:\/\/nutreco.com.ar\/site\/wp-json\/wp\/v2\/pages"}],"about":[{"href":"https:\/\/nutreco.com.ar\/site\/wp-json\/wp\/v2\/types\/page"}],"author":[{"embeddable":true,"href":"https:\/\/nutreco.com.ar\/site\/wp-json\/wp\/v2\/users\/2"}],"replies":[{"embeddable":true,"href":"https:\/\/nutreco.com.ar\/site\/wp-json\/wp\/v2\/comments?post=8154"}],"version-history":[{"count":27,"href":"https:\/\/nutreco.com.ar\/site\/wp-json\/wp\/v2\/pages\/8154\/revisions"}],"predecessor-version":[{"id":9770,"href":"https:\/\/nutreco.com.ar\/site\/wp-json\/wp\/v2\/pages\/8154\/revisions\/9770"}],"wp:attachment":[{"href":"https:\/\/nutreco.com.ar\/site\/wp-json\/wp\/v2\/media?parent=8154"}],"curies":[{"name":"wp","href":"https:\/\/api.w.org\/{rel}","templated":true}]}}