{"id":7871,"date":"2021-02-17T17:08:52","date_gmt":"2021-02-17T20:08:52","guid":{"rendered":"http:\/\/www.nutreco.com.ar\/site\/?page_id=7871"},"modified":"2025-12-30T14:37:14","modified_gmt":"2025-12-30T17:37:14","slug":"nosotros","status":"publish","type":"page","link":"https:\/\/nutreco.com.ar\/site\/nosotros\/","title":{"rendered":"Nosotros"},"content":{"rendered":"<section class=\"l-section wpb_row height_medium width_full with_img\"><div class=\"l-section-img\" role=\"img\" data-img-width=\"1920\" data-img-height=\"500\" style=\"background-image: url(https:\/\/nutreco.com.ar\/site\/wp-content\/uploads\/2020\/12\/nosotros_cabecera.jpg);\"><\/div><div class=\"l-section-h i-cf\"><div class=\"g-cols vc_row via_flex valign_top type_default stacking_default\"><div class=\"vc_col-sm-12 wpb_column vc_column_container\"><div class=\"vc_column-inner\"><div class=\"wpb_wrapper\"><div class=\"wpb_text_column us_custom_22fa3828 has_text_color\"><div class=\"wpb_wrapper\"><h2 style=\"text-align: center;\">Nosotros<\/h2>\n<\/div><\/div><\/div><\/div><\/div><\/div><\/div><\/section><section class=\"l-section wpb_row height_small\"><div class=\"l-section-h i-cf\"><div class=\"g-cols vc_row via_flex valign_top type_default stacking_default\"><div class=\"vc_col-sm-12 wpb_column vc_column_container\"><div class=\"vc_column-inner\"><div class=\"wpb_wrapper\"><div class=\"wpb_text_column\"><div class=\"wpb_wrapper\"><h4>Nuestra Historia<\/h4>\n<\/div><\/div><div class=\"w-separator size_small\"><\/div><div class=\"wpb_text_column\"><div class=\"wpb_wrapper\"><p style=\"text-align: left;\">Una compa\u00f1\u00eda con m\u00e1s de <strong>20 a\u00f1os<\/strong> en el mercado nacional, desarrollando productos de alta calidad, seg\u00fan la necesidad de sus consumidores.<br \/>\n<strong>Nutreco Alimentos S.A<\/strong>., una empresa de capitales nacionales, que obtiene la materia prima de sus productos del medio ambiente que la rodea, las cuales posee cualidades naturales \u00fanicas, que preserva mediante pol\u00edticas de calidad que incluyen capacitaci\u00f3n permanente a su personal y la sustentabilidad de sus procesos.<\/p>\n<\/div><\/div><\/div><\/div><\/div><\/div><\/div><\/section><section class=\"l-section wpb_row height_custom\"><div class=\"l-section-h i-cf\"><div class=\"g-cols vc_row via_flex valign_top type_default stacking_default\"><div class=\"vc_col-sm-4 wpb_column vc_column_container\"><div class=\"vc_column-inner\"><div class=\"wpb_wrapper\"><div class=\"w-iconbox iconpos_top style_default color_primary align_center no_text no_title\"><div class=\"w-iconbox-icon\" style=\"font-size:46px;\"><i class=\"fad fa-eye\"><\/i><\/div><div class=\"w-iconbox-meta\"><\/div><\/div><div class=\"wpb_text_column\"><div class=\"wpb_wrapper\"><h4 style=\"text-align: center;\">Visi\u00f3n<\/h4>\n<\/div><\/div><div class=\"wpb_text_column\"><div class=\"wpb_wrapper\"><p>Ser una compa\u00f1\u00eda con cobertura nacional, desarrollando productos sustentables, innovando seg\u00fan las necesidades de los consumidores.<\/p>\n<\/div><\/div><\/div><\/div><\/div><div class=\"vc_col-sm-4 wpb_column vc_column_container\"><div class=\"vc_column-inner\"><div class=\"wpb_wrapper\"><div class=\"w-iconbox iconpos_top style_default color_primary align_center no_text no_title\"><div class=\"w-iconbox-icon\" style=\"font-size:46px;\"><i class=\"fad fa-bullseye-arrow\"><\/i><\/div><div class=\"w-iconbox-meta\"><\/div><\/div><div class=\"wpb_text_column\"><div class=\"wpb_wrapper\"><h4 style=\"text-align: center;\">Misi\u00f3n<\/h4>\n<\/div><\/div><div class=\"wpb_text_column\"><div class=\"wpb_wrapper\"><p>Satisfacer con calidad y servicio las expectativas de nutrici\u00f3n de nuestros consumidores actuales y potenciales.<\/p>\n<\/div><\/div><\/div><\/div><\/div><div class=\"vc_col-sm-4 wpb_column vc_column_container\"><div class=\"vc_column-inner\"><div class=\"wpb_wrapper\"><div class=\"w-iconbox iconpos_top style_default color_primary align_center no_text no_title\"><div class=\"w-iconbox-icon\" style=\"font-size:46px;\"><i class=\"fad fa-balance-scale\"><\/i><\/div><div class=\"w-iconbox-meta\"><\/div><\/div><div class=\"wpb_text_column\"><div class=\"wpb_wrapper\"><h4 style=\"text-align: center;\">Valor<\/h4>\n<\/div><\/div><div class=\"wpb_text_column\"><div class=\"wpb_wrapper\"><p>\u2022 Cercan\u00eda y vocaci\u00f3n hacia los consumidores superando sus expectativas.<br \/>\n\u2022 Compromiso con la calidad.<br \/>\n\u2022 Trabajo en equipo.<br \/>\n\u2022 Integridad y transparencia.<br \/>\n\u2022 Sustentabilidad y respeto por el medio ambiente.<br \/>\n\u2022 Flexibilidad y adaptaci\u00f3n al cambio.<\/p>\n<\/div><\/div><\/div><\/div><\/div><\/div><\/div><\/section><section class=\"l-section wpb_row height_small\"><div class=\"l-section-overlay\" style=\"background:var(--color-content-bg-alt)\"><\/div><div class=\"l-section-h i-cf\"><div class=\"g-cols vc_row via_flex valign_top type_default stacking_default\"><div class=\"vc_col-sm-12 wpb_column vc_column_container\"><div class=\"vc_column-inner\"><div class=\"wpb_wrapper\"><div class=\"wpb_text_column\"><div class=\"wpb_wrapper\"><h4 style=\"text-align: center;\">Compromiso y Conducta Empresaria<\/h4>\n<\/div><\/div><\/div><\/div><\/div><\/div><\/div><\/section><section class=\"l-section wpb_row height_small\"><div class=\"l-section-overlay\" style=\"background:var(--color-content-bg-alt)\"><\/div><div class=\"l-section-h i-cf\"><div class=\"g-cols vc_row via_flex valign_top type_default stacking_default\"><div class=\"vc_col-sm-8 wpb_column vc_column_container\"><div class=\"vc_column-inner\"><div class=\"wpb_wrapper\"><div class=\"wpb_text_column\"><div class=\"wpb_wrapper\"><p><strong>Nutreco Alimentos S.A.<\/strong> se contituye como una empresa moderna y din\u00e1mica, favoreciendo el crecimiento empresarial y personal de sus integrantes.<br \/>\nLa empresa se erige con la premisa de focalizar en el desarrollo de la marca, privilegiando la calidad como objetivo principal, sin descuidar y poniendo \u00e9nfasis en provocar el menor impacto ambiental.<\/p>\n<p>La integridad, honestidad y el cumplimiento de todas las leyes aplicables en el \u00e1mbito nacional, provincial y municipal, es la base de nuestra cultura.<br \/>\nPara eso es labor de todos los empleados de NUTRECO ALIMENTOS S.A. velar porque todas nuestras actividades se rijan bajo los principios y valores de la compa\u00f1\u00eda.<\/p>\n<p><strong>Nutreco Alimentos S.A.<\/strong> cuenta con un comit\u00e9 de \u00e9tica, encargado de difundir y promover una cultura de comportamiento \u00e9tico y la observancia estricta de los ordenamientos legales que nos rigen como uno de sus principios m\u00e1s importantes, as\u00ed como de atender las consultas y casos \u00e9ticos.<\/p>\n<p>El comit\u00e9 de \u00e9tica es quien se encarga de realizar revisiones anuales a nuestro CODIGO DE ETICA Y CONDUCTA EMPRESARIA, para adecuar al momento los cambios culturales que tan vertiginosamente se dan en nuestra sociedad.<\/p>\n<\/div><\/div><div class=\"w-separator size_small\"><\/div><div class=\"w-btn-wrapper align_center\"><a class=\"w-btn us-btn-style_6 icon_atleft\" target=\"_blank\" rel=\"nofollow\" title=\"Descargar C\u00f3digo \u00c9tica y Compromiso Empresarial\" href=\"https:\/\/nutreco.com.ar\/site\/wp-content\/uploads\/2025\/12\/nutreco_cece.pdf\"><i class=\"fad fa-download\"><\/i><span class=\"w-btn-label\">Descargar C\u00f3digo de \u00c9tica y Compromiso Empresarial<\/span><\/a><\/div><\/div><\/div><\/div><div class=\"vc_col-sm-4 wpb_column vc_column_container\"><div class=\"vc_column-inner\"><div class=\"wpb_wrapper\"><div class=\"w-image align_none\"><div class=\"w-image-h\"><img decoding=\"async\" width=\"1024\" height=\"683\" src=\"https:\/\/nutreco.com.ar\/site\/wp-content\/uploads\/2021\/02\/compromiso-empresario.jpg\" class=\"attachment-large size-large\" alt=\"\" loading=\"lazy\" srcset=\"https:\/\/nutreco.com.ar\/site\/wp-content\/uploads\/2021\/02\/compromiso-empresario.jpg 1024w, https:\/\/nutreco.com.ar\/site\/wp-content\/uploads\/2021\/02\/compromiso-empresario-300x200.jpg 300w, https:\/\/nutreco.com.ar\/site\/wp-content\/uploads\/2021\/02\/compromiso-empresario-600x400.jpg 600w, https:\/\/nutreco.com.ar\/site\/wp-content\/uploads\/2021\/02\/compromiso-empresario-225x150.jpg 225w\" sizes=\"auto, (max-width: 1024px) 100vw, 1024px\" \/><\/div><\/div><\/div><\/div><\/div><\/div><\/div><\/section>\n","protected":false},"excerpt":{"rendered":"Nosotros Nuestra Historia Una compa\u00f1\u00eda con m\u00e1s de 20 a\u00f1os en el mercado nacional, desarrollando productos de alta calidad, seg\u00fan la necesidad de sus consumidores. Nutreco Alimentos S.A., una empresa de capitales nacionales, que obtiene la materia prima de sus productos del medio ambiente que la rodea, las cuales posee cualidades naturales \u00fanicas, que preserva...","protected":false},"author":2,"featured_media":0,"parent":0,"menu_order":0,"comment_status":"closed","ping_status":"closed","template":"","meta":{"footnotes":""},"class_list":["post-7871","page","type-page","status-publish","hentry"],"_links":{"self":[{"href":"https:\/\/nutreco.com.ar\/site\/wp-json\/wp\/v2\/pages\/7871","targetHints":{"allow":["GET"]}}],"collection":[{"href":"https:\/\/nutreco.com.ar\/site\/wp-json\/wp\/v2\/pages"}],"about":[{"href":"https:\/\/nutreco.com.ar\/site\/wp-json\/wp\/v2\/types\/page"}],"author":[{"embeddable":true,"href":"https:\/\/nutreco.com.ar\/site\/wp-json\/wp\/v2\/users\/2"}],"replies":[{"embeddable":true,"href":"https:\/\/nutreco.com.ar\/site\/wp-json\/wp\/v2\/comments?post=7871"}],"version-history":[{"count":5,"href":"https:\/\/nutreco.com.ar\/site\/wp-json\/wp\/v2\/pages\/7871\/revisions"}],"predecessor-version":[{"id":10397,"href":"https:\/\/nutreco.com.ar\/site\/wp-json\/wp\/v2\/pages\/7871\/revisions\/10397"}],"wp:attachment":[{"href":"https:\/\/nutreco.com.ar\/site\/wp-json\/wp\/v2\/media?parent=7871"}],"curies":[{"name":"wp","href":"https:\/\/api.w.org\/{rel}","templated":true}]}}