{"id":7095,"date":"2020-10-14T11:11:37","date_gmt":"2020-10-14T14:11:37","guid":{"rendered":"http:\/\/www.nutreco.com.ar\/site\/?page_id=7095"},"modified":"2025-06-27T16:21:46","modified_gmt":"2025-06-27T19:21:46","slug":"ofertas","status":"publish","type":"page","link":"https:\/\/nutreco.com.ar\/site\/ofertas\/","title":{"rendered":"Ofertas"},"content":{"rendered":"<section class=\"l-section wpb_row height_custom with_img\"><div class=\"l-section-img\" role=\"img\" data-img-width=\"1920\" data-img-height=\"1080\" style=\"background-image: url(https:\/\/nutreco.com.ar\/site\/wp-content\/uploads\/2020\/10\/fondo_ofertas.jpg);\"><\/div><div class=\"l-section-h i-cf\"><div class=\"g-cols vc_row via_flex valign_top type_default stacking_default\"><div class=\"vc_col-sm-12 wpb_column vc_column_container\"><div class=\"vc_column-inner\"><div class=\"wpb_wrapper\"><div class=\"wpb_text_column us_custom_22fa3828 has_text_color\"><div class=\"wpb_wrapper\"><h2 style=\"text-align: center;\">Ofertas Destacadas<\/h2>\n<\/div><\/div><\/div><\/div><\/div><\/div><\/div><\/section><section class=\"l-section wpb_row height_auto\"><div class=\"l-section-h i-cf\"><div class=\"g-cols vc_row via_flex valign_top type_default stacking_default\"><div class=\"vc_col-sm-12 wpb_column vc_column_container\"><div class=\"vc_column-inner\"><div class=\"wpb_wrapper\"><div class=\"w-separator size_small\"><\/div><div class=\"wpb_text_column\"><div class=\"wpb_wrapper\"><h5 style=\"text-align: center;\">Estas son las ofertas destacadas que encontrar\u00e1s en las distintas cadenas de supermercados del pa\u00eds. Desliza para verlas a todas y encontrar la oferta en el supermercado m\u00e1s cercano a tu domicilio.<\/h5>\n<\/div><\/div><\/div><\/div><\/div><\/div><\/div><\/section><section class=\"l-section wpb_row height_custom\"><div class=\"l-section-h i-cf\"><div class=\"g-cols vc_row via_flex valign_top type_default stacking_default\"><div class=\"vc_col-sm-12 wpb_column vc_column_container\"><div class=\"vc_column-inner\"><div class=\"wpb_wrapper\"><div class=\"w-grid type_carousel layout_7585 items_5 ratio_custom\" id=\"us_grid_1\" style=\"--items:5;--gap:1rem;--item-ratio:0.42857;\"><style>.layout_7585 .w-grid-item-h{}.layout_7585 .usg_post_image_1{transition-duration:0.3s;transform-origin:50% 50%;transform:scale(1) translate(0%,0%)}.layout_7585 .w-grid-item-h:focus-within .usg_post_image_1,.layout_7585 .w-grid-item-h:hover .usg_post_image_1{transform:scale(1) translate(0%,0%);opacity:1;background:var(--color-header-middle-text)!important;border-color:var(--color-header-middle-text)!important}.layout_7585 .usg_post_title_1{transition-duration:0.3s;transform-origin:50% 50%;transform:scale(1) translate(0%,0%)}.layout_7585 .w-grid-item-h:focus-within .usg_post_title_1,.layout_7585 .w-grid-item-h:hover .usg_post_title_1{transform:scale(1) translate(0%,0%);opacity:1}<\/style><div class=\"w-grid-list owl-carousel valign_stretch dotstyle_circle navstyle_circle navpos_outside owl-responsive-2000 with_dots\" style=\"--transition-duration:350ms;\">\t<article class=\"w-grid-item post-9017 us_testimonial type-us_testimonial status-publish has-post-thumbnail hentry\" data-id=\"9017\">\r\n\t\t<div class=\"w-grid-item-h\">\r\n\t\t\t\t\t\t<div class=\"w-post-elm post_image usg_post_image_1\"><a ref=\"magnificPopup\" href=\"https:\/\/nutreco.com.ar\/site\/wp-content\/uploads\/2025\/09\/vea_bidon_1ByN.webp\" aria-label=\"Oferta FINALIZADA\"><img loading=\"lazy\" decoding=\"async\" width=\"1080\" height=\"1920\" src=\"https:\/\/nutreco.com.ar\/site\/wp-content\/uploads\/2025\/09\/vea_bidon_1ByN.webp\" class=\"attachment-full size-full wp-post-image\" alt=\"\" srcset=\"https:\/\/nutreco.com.ar\/site\/wp-content\/uploads\/2025\/09\/vea_bidon_1ByN.webp 1080w, https:\/\/nutreco.com.ar\/site\/wp-content\/uploads\/2025\/09\/vea_bidon_1ByN-169x300.webp 169w, https:\/\/nutreco.com.ar\/site\/wp-content\/uploads\/2025\/09\/vea_bidon_1ByN-576x1024.webp 576w, https:\/\/nutreco.com.ar\/site\/wp-content\/uploads\/2025\/09\/vea_bidon_1ByN-864x1536.webp 864w, https:\/\/nutreco.com.ar\/site\/wp-content\/uploads\/2025\/09\/vea_bidon_1ByN-79x141.webp 79w, https:\/\/nutreco.com.ar\/site\/wp-content\/uploads\/2025\/09\/vea_bidon_1ByN-338x600.webp 338w, https:\/\/nutreco.com.ar\/site\/wp-content\/uploads\/2025\/09\/vea_bidon_1ByN-253x450.webp 253w, https:\/\/nutreco.com.ar\/site\/wp-content\/uploads\/2025\/09\/vea_bidon_1ByN-84x150.webp 84w, https:\/\/nutreco.com.ar\/site\/wp-content\/uploads\/2025\/09\/vea_bidon_1ByN-225x400.webp 225w\" sizes=\"auto, (max-width: 1080px) 100vw, 1080px\" \/><\/a><\/div><h5 class=\"w-post-elm post_title usg_post_title_1 align_center entry-title color_link_inherit\">Oferta FINALIZADA<\/h5>\t\t<\/div>\r\n\t\t\t<\/article>\r\n\t<article class=\"w-grid-item post-10276 us_testimonial type-us_testimonial status-publish has-post-thumbnail hentry\" data-id=\"10276\">\r\n\t\t<div class=\"w-grid-item-h\">\r\n\t\t\t\t\t\t<div class=\"w-post-elm post_image usg_post_image_1\"><a ref=\"magnificPopup\" href=\"https:\/\/nutreco.com.ar\/site\/wp-content\/uploads\/2025\/09\/disco_sifon_ByN.webp\" aria-label=\"Oferta FINALIZADA\"><img loading=\"lazy\" decoding=\"async\" width=\"1080\" height=\"1920\" src=\"https:\/\/nutreco.com.ar\/site\/wp-content\/uploads\/2025\/09\/disco_sifon_ByN.webp\" class=\"attachment-full size-full wp-post-image\" alt=\"\" srcset=\"https:\/\/nutreco.com.ar\/site\/wp-content\/uploads\/2025\/09\/disco_sifon_ByN.webp 1080w, https:\/\/nutreco.com.ar\/site\/wp-content\/uploads\/2025\/09\/disco_sifon_ByN-169x300.webp 169w, https:\/\/nutreco.com.ar\/site\/wp-content\/uploads\/2025\/09\/disco_sifon_ByN-576x1024.webp 576w, https:\/\/nutreco.com.ar\/site\/wp-content\/uploads\/2025\/09\/disco_sifon_ByN-864x1536.webp 864w, https:\/\/nutreco.com.ar\/site\/wp-content\/uploads\/2025\/09\/disco_sifon_ByN-79x141.webp 79w, https:\/\/nutreco.com.ar\/site\/wp-content\/uploads\/2025\/09\/disco_sifon_ByN-338x600.webp 338w, https:\/\/nutreco.com.ar\/site\/wp-content\/uploads\/2025\/09\/disco_sifon_ByN-253x450.webp 253w, https:\/\/nutreco.com.ar\/site\/wp-content\/uploads\/2025\/09\/disco_sifon_ByN-84x150.webp 84w, https:\/\/nutreco.com.ar\/site\/wp-content\/uploads\/2025\/09\/disco_sifon_ByN-225x400.webp 225w\" sizes=\"auto, (max-width: 1080px) 100vw, 1080px\" \/><\/a><\/div><h5 class=\"w-post-elm post_title usg_post_title_1 align_center entry-title color_link_inherit\">Oferta FINALIZADA<\/h5>\t\t<\/div>\r\n\t\t\t<\/article>\r\n\t<article class=\"w-grid-item post-10021 us_testimonial type-us_testimonial status-publish has-post-thumbnail hentry\" data-id=\"10021\">\r\n\t\t<div class=\"w-grid-item-h\">\r\n\t\t\t\t\t\t<div class=\"w-post-elm post_image usg_post_image_1\"><a ref=\"magnificPopup\" href=\"https:\/\/nutreco.com.ar\/site\/wp-content\/uploads\/2025\/10\/pedidosYA_AguaMineral-2L_byn.webp\" aria-label=\"Oferta FINALIZADA\"><img loading=\"lazy\" decoding=\"async\" width=\"1080\" height=\"1920\" src=\"https:\/\/nutreco.com.ar\/site\/wp-content\/uploads\/2025\/10\/pedidosYA_AguaMineral-2L_byn.webp\" class=\"attachment-full size-full wp-post-image\" alt=\"\" srcset=\"https:\/\/nutreco.com.ar\/site\/wp-content\/uploads\/2025\/10\/pedidosYA_AguaMineral-2L_byn.webp 1080w, https:\/\/nutreco.com.ar\/site\/wp-content\/uploads\/2025\/10\/pedidosYA_AguaMineral-2L_byn-169x300.webp 169w, https:\/\/nutreco.com.ar\/site\/wp-content\/uploads\/2025\/10\/pedidosYA_AguaMineral-2L_byn-576x1024.webp 576w, https:\/\/nutreco.com.ar\/site\/wp-content\/uploads\/2025\/10\/pedidosYA_AguaMineral-2L_byn-864x1536.webp 864w, https:\/\/nutreco.com.ar\/site\/wp-content\/uploads\/2025\/10\/pedidosYA_AguaMineral-2L_byn-79x141.webp 79w, https:\/\/nutreco.com.ar\/site\/wp-content\/uploads\/2025\/10\/pedidosYA_AguaMineral-2L_byn-338x600.webp 338w, https:\/\/nutreco.com.ar\/site\/wp-content\/uploads\/2025\/10\/pedidosYA_AguaMineral-2L_byn-253x450.webp 253w, https:\/\/nutreco.com.ar\/site\/wp-content\/uploads\/2025\/10\/pedidosYA_AguaMineral-2L_byn-84x150.webp 84w, https:\/\/nutreco.com.ar\/site\/wp-content\/uploads\/2025\/10\/pedidosYA_AguaMineral-2L_byn-225x400.webp 225w\" sizes=\"auto, (max-width: 1080px) 100vw, 1080px\" \/><\/a><\/div><h5 class=\"w-post-elm post_title usg_post_title_1 align_center entry-title color_link_inherit\">Oferta FINALIZADA<\/h5>\t\t<\/div>\r\n\t\t\t<\/article>\r\n\t<article class=\"w-grid-item post-10019 us_testimonial type-us_testimonial status-publish has-post-thumbnail hentry\" data-id=\"10019\">\r\n\t\t<div class=\"w-grid-item-h\">\r\n\t\t\t\t\t\t<div class=\"w-post-elm post_image usg_post_image_1\"><a ref=\"magnificPopup\" href=\"https:\/\/nutreco.com.ar\/site\/wp-content\/uploads\/2025\/10\/pedidosYA_LineaPlataCitrus-1500ml_byn.webp\" aria-label=\"Oferta FINALIZADA\"><img loading=\"lazy\" decoding=\"async\" width=\"1080\" height=\"1920\" src=\"https:\/\/nutreco.com.ar\/site\/wp-content\/uploads\/2025\/10\/pedidosYA_LineaPlataCitrus-1500ml_byn.webp\" class=\"attachment-full size-full wp-post-image\" alt=\"\" srcset=\"https:\/\/nutreco.com.ar\/site\/wp-content\/uploads\/2025\/10\/pedidosYA_LineaPlataCitrus-1500ml_byn.webp 1080w, https:\/\/nutreco.com.ar\/site\/wp-content\/uploads\/2025\/10\/pedidosYA_LineaPlataCitrus-1500ml_byn-169x300.webp 169w, https:\/\/nutreco.com.ar\/site\/wp-content\/uploads\/2025\/10\/pedidosYA_LineaPlataCitrus-1500ml_byn-576x1024.webp 576w, https:\/\/nutreco.com.ar\/site\/wp-content\/uploads\/2025\/10\/pedidosYA_LineaPlataCitrus-1500ml_byn-864x1536.webp 864w, https:\/\/nutreco.com.ar\/site\/wp-content\/uploads\/2025\/10\/pedidosYA_LineaPlataCitrus-1500ml_byn-79x141.webp 79w, https:\/\/nutreco.com.ar\/site\/wp-content\/uploads\/2025\/10\/pedidosYA_LineaPlataCitrus-1500ml_byn-338x600.webp 338w, https:\/\/nutreco.com.ar\/site\/wp-content\/uploads\/2025\/10\/pedidosYA_LineaPlataCitrus-1500ml_byn-253x450.webp 253w, https:\/\/nutreco.com.ar\/site\/wp-content\/uploads\/2025\/10\/pedidosYA_LineaPlataCitrus-1500ml_byn-84x150.webp 84w, https:\/\/nutreco.com.ar\/site\/wp-content\/uploads\/2025\/10\/pedidosYA_LineaPlataCitrus-1500ml_byn-225x400.webp 225w\" sizes=\"auto, (max-width: 1080px) 100vw, 1080px\" \/><\/a><\/div><h5 class=\"w-post-elm post_title usg_post_title_1 align_center entry-title color_link_inherit\">Oferta FINALIZADA<\/h5>\t\t<\/div>\r\n\t\t\t<\/article>\r\n\t<article class=\"w-grid-item post-9078 us_testimonial type-us_testimonial status-publish has-post-thumbnail hentry\" data-id=\"9078\">\r\n\t\t<div class=\"w-grid-item-h\">\r\n\t\t\t\t\t\t<div class=\"w-post-elm post_image usg_post_image_1\"><a ref=\"magnificPopup\" href=\"https:\/\/nutreco.com.ar\/site\/wp-content\/uploads\/2025\/10\/pedidosYA_SaborizadaNaranja-1500ml_byn.webp\" aria-label=\"Oferta FINALIZADA\"><img loading=\"lazy\" decoding=\"async\" width=\"1080\" height=\"1920\" src=\"https:\/\/nutreco.com.ar\/site\/wp-content\/uploads\/2025\/10\/pedidosYA_SaborizadaNaranja-1500ml_byn.webp\" class=\"attachment-full size-full wp-post-image\" alt=\"\" srcset=\"https:\/\/nutreco.com.ar\/site\/wp-content\/uploads\/2025\/10\/pedidosYA_SaborizadaNaranja-1500ml_byn.webp 1080w, https:\/\/nutreco.com.ar\/site\/wp-content\/uploads\/2025\/10\/pedidosYA_SaborizadaNaranja-1500ml_byn-169x300.webp 169w, https:\/\/nutreco.com.ar\/site\/wp-content\/uploads\/2025\/10\/pedidosYA_SaborizadaNaranja-1500ml_byn-576x1024.webp 576w, https:\/\/nutreco.com.ar\/site\/wp-content\/uploads\/2025\/10\/pedidosYA_SaborizadaNaranja-1500ml_byn-864x1536.webp 864w, https:\/\/nutreco.com.ar\/site\/wp-content\/uploads\/2025\/10\/pedidosYA_SaborizadaNaranja-1500ml_byn-79x141.webp 79w, https:\/\/nutreco.com.ar\/site\/wp-content\/uploads\/2025\/10\/pedidosYA_SaborizadaNaranja-1500ml_byn-338x600.webp 338w, https:\/\/nutreco.com.ar\/site\/wp-content\/uploads\/2025\/10\/pedidosYA_SaborizadaNaranja-1500ml_byn-253x450.webp 253w, https:\/\/nutreco.com.ar\/site\/wp-content\/uploads\/2025\/10\/pedidosYA_SaborizadaNaranja-1500ml_byn-84x150.webp 84w, https:\/\/nutreco.com.ar\/site\/wp-content\/uploads\/2025\/10\/pedidosYA_SaborizadaNaranja-1500ml_byn-225x400.webp 225w\" sizes=\"auto, (max-width: 1080px) 100vw, 1080px\" \/><\/a><\/div><h5 class=\"w-post-elm post_title usg_post_title_1 align_center entry-title color_link_inherit\">Oferta FINALIZADA<\/h5>\t\t<\/div>\r\n\t\t\t<\/article>\r\n\t<article class=\"w-grid-item post-10120 us_testimonial type-us_testimonial status-publish has-post-thumbnail hentry\" data-id=\"10120\">\r\n\t\t<div class=\"w-grid-item-h\">\r\n\t\t\t\t\t\t<div class=\"w-post-elm post_image usg_post_image_1\"><a ref=\"magnificPopup\" href=\"https:\/\/nutreco.com.ar\/site\/wp-content\/uploads\/2025\/10\/pedidosYA_SaborizadaPomelo-1500ml_byn.webp\" aria-label=\"Oferta FINALIZADA\"><img loading=\"lazy\" decoding=\"async\" width=\"1080\" height=\"1920\" src=\"https:\/\/nutreco.com.ar\/site\/wp-content\/uploads\/2025\/10\/pedidosYA_SaborizadaPomelo-1500ml_byn.webp\" class=\"attachment-full size-full wp-post-image\" alt=\"\" srcset=\"https:\/\/nutreco.com.ar\/site\/wp-content\/uploads\/2025\/10\/pedidosYA_SaborizadaPomelo-1500ml_byn.webp 1080w, https:\/\/nutreco.com.ar\/site\/wp-content\/uploads\/2025\/10\/pedidosYA_SaborizadaPomelo-1500ml_byn-169x300.webp 169w, https:\/\/nutreco.com.ar\/site\/wp-content\/uploads\/2025\/10\/pedidosYA_SaborizadaPomelo-1500ml_byn-576x1024.webp 576w, https:\/\/nutreco.com.ar\/site\/wp-content\/uploads\/2025\/10\/pedidosYA_SaborizadaPomelo-1500ml_byn-864x1536.webp 864w, https:\/\/nutreco.com.ar\/site\/wp-content\/uploads\/2025\/10\/pedidosYA_SaborizadaPomelo-1500ml_byn-79x141.webp 79w, https:\/\/nutreco.com.ar\/site\/wp-content\/uploads\/2025\/10\/pedidosYA_SaborizadaPomelo-1500ml_byn-338x600.webp 338w, https:\/\/nutreco.com.ar\/site\/wp-content\/uploads\/2025\/10\/pedidosYA_SaborizadaPomelo-1500ml_byn-253x450.webp 253w, https:\/\/nutreco.com.ar\/site\/wp-content\/uploads\/2025\/10\/pedidosYA_SaborizadaPomelo-1500ml_byn-84x150.webp 84w, https:\/\/nutreco.com.ar\/site\/wp-content\/uploads\/2025\/10\/pedidosYA_SaborizadaPomelo-1500ml_byn-225x400.webp 225w\" sizes=\"auto, (max-width: 1080px) 100vw, 1080px\" \/><\/a><\/div><h5 class=\"w-post-elm post_title usg_post_title_1 align_center entry-title color_link_inherit\">Oferta FINALIZADA<\/h5>\t\t<\/div>\r\n\t\t\t<\/article>\r\n<\/div>\t<div class=\"g-preloader type_1\">\r\n\t\t<div><\/div>\r\n\t<\/div>\r\n\t\t<div class=\"w-grid-json hidden\" onclick='return {&quot;action&quot;:&quot;us_ajax_grid&quot;,&quot;infinite_scroll&quot;:0,&quot;max_num_pages&quot;:1,&quot;pagination&quot;:&quot;none&quot;,&quot;template_vars&quot;:{&quot;columns&quot;:&quot;&quot;,&quot;exclude_items&quot;:&quot;none&quot;,&quot;img_size&quot;:&quot;full&quot;,&quot;ignore_items_size&quot;:0,&quot;items_layout&quot;:&quot;7585&quot;,&quot;items_offset&quot;:&quot;0px&quot;,&quot;load_animation&quot;:&quot;none&quot;,&quot;overriding_link&quot;:&quot;%7B%22url%22%3A%22%22%7D&quot;,&quot;post_id&quot;:0,&quot;query_args&quot;:{&quot;post_type&quot;:[&quot;us_testimonial&quot;],&quot;post_status&quot;:[&quot;publish&quot;],&quot;posts_per_page&quot;:&quot;12&quot;},&quot;orderby_query_args&quot;:{&quot;orderby&quot;:{&quot;date&quot;:&quot;ASC&quot;}},&quot;type&quot;:&quot;carousel&quot;,&quot;us_grid_post_type&quot;:&quot;us_testimonial&quot;,&quot;us_grid_ajax_index&quot;:1,&quot;us_grid_filter_query_string&quot;:null,&quot;us_grid_index&quot;:1,&quot;page_args&quot;:[]},&quot;carousel_settings&quot;:{&quot;aria_labels&quot;:{&quot;prev&quot;:&quot;Previo&quot;,&quot;next&quot;:&quot;Siguiente&quot;},&quot;autoplayContinual&quot;:false,&quot;autoplayHoverPause&quot;:false,&quot;autoplayTimeout&quot;:3000,&quot;autoWidth&quot;:false,&quot;smartSpeed&quot;:350,&quot;margin&quot;:0,&quot;mouseDrag&quot;:true,&quot;rtl&quot;:false,&quot;slideBy&quot;:&quot;1&quot;,&quot;touchDrag&quot;:true,&quot;slideTransition&quot;:&quot;&quot;,&quot;responsive&quot;:{&quot;0&quot;:{&quot;autoHeight&quot;:false,&quot;autoplay&quot;:true,&quot;autoWidth&quot;:false,&quot;center&quot;:false,&quot;dots&quot;:true,&quot;items&quot;:2,&quot;loop&quot;:true,&quot;nav&quot;:false,&quot;stagePadding&quot;:0,&quot;slideBy&quot;:&quot;1&quot;},&quot;601&quot;:{&quot;autoHeight&quot;:false,&quot;autoplay&quot;:true,&quot;autoWidth&quot;:false,&quot;center&quot;:false,&quot;dots&quot;:true,&quot;items&quot;:3,&quot;loop&quot;:true,&quot;nav&quot;:false,&quot;stagePadding&quot;:0,&quot;slideBy&quot;:&quot;1&quot;},&quot;1025&quot;:{&quot;autoHeight&quot;:false,&quot;autoplay&quot;:true,&quot;autoWidth&quot;:false,&quot;center&quot;:false,&quot;dots&quot;:true,&quot;items&quot;:5,&quot;loop&quot;:true,&quot;nav&quot;:false,&quot;stagePadding&quot;:0,&quot;slideBy&quot;:&quot;1&quot;},&quot;1281&quot;:{&quot;items&quot;:5,&quot;autoplay&quot;:true,&quot;center&quot;:false,&quot;dots&quot;:true,&quot;nav&quot;:false,&quot;autoHeight&quot;:false,&quot;autoWidth&quot;:false,&quot;loop&quot;:true,&quot;stagePadding&quot;:0}}}}'><\/div>\r\n\t<\/div><\/div><\/div><\/div><\/div><\/div><\/section>\n","protected":false},"excerpt":{"rendered":"","protected":false},"author":1,"featured_media":0,"parent":0,"menu_order":0,"comment_status":"closed","ping_status":"closed","template":"","meta":{"footnotes":""},"class_list":["post-7095","page","type-page","status-publish","hentry"],"_links":{"self":[{"href":"https:\/\/nutreco.com.ar\/site\/wp-json\/wp\/v2\/pages\/7095","targetHints":{"allow":["GET"]}}],"collection":[{"href":"https:\/\/nutreco.com.ar\/site\/wp-json\/wp\/v2\/pages"}],"about":[{"href":"https:\/\/nutreco.com.ar\/site\/wp-json\/wp\/v2\/types\/page"}],"author":[{"embeddable":true,"href":"https:\/\/nutreco.com.ar\/site\/wp-json\/wp\/v2\/users\/1"}],"replies":[{"embeddable":true,"href":"https:\/\/nutreco.com.ar\/site\/wp-json\/wp\/v2\/comments?post=7095"}],"version-history":[{"count":57,"href":"https:\/\/nutreco.com.ar\/site\/wp-json\/wp\/v2\/pages\/7095\/revisions"}],"predecessor-version":[{"id":10007,"href":"https:\/\/nutreco.com.ar\/site\/wp-json\/wp\/v2\/pages\/7095\/revisions\/10007"}],"wp:attachment":[{"href":"https:\/\/nutreco.com.ar\/site\/wp-json\/wp\/v2\/media?parent=7095"}],"curies":[{"name":"wp","href":"https:\/\/api.w.org\/{rel}","templated":true}]}}